f 244?
True
Is 20 a factor of 563971230?
False
Does 35 divide 78365251?
False
Is 7327829 a multiple of 68?
False
Does 8 divide 14315136?
True
Does 25 divide 895714737?
False
Is 106797771 a multiple of 47?
True
Is 148 a factor of 27294803?
False
Is 1941 a factor of 331594617?
True
Does 1038 divide 111488466?
True
Is 135 a factor of 192271309?
False
Is 264 a factor of 168469698?
False
Is 753492576 a multiple of 1824?
True
Is 12315 a factor of 90170610?
False
Does 1976 divide 979762056?
True
Is 1646 a factor of 786286431?
False
Does 4 divide 58573096?
True
Is 2 a factor of 15715303?
False
Does 79 divide 180170363?
False
Is 1874465244 a multiple of 684?
False
Does 1542 divide 24802620?
False
Is 1886 a factor of 930755359?
False
Does 17 divide 1587250?
False
Is 1291394412 a multiple of 1078?
True
Does 10 divide 12604340?
True
Is 23 a factor of 46300364?
False
Is 560 a factor of 93840327?
False
Does 741 divide 53294202?
True
Does 4 divide 6228763?
False
Is 52353245 even?
False
Does 4014 divide 7787806254?
True
Is 84393314 a multiple of 302?
False
Is 2094037693 a multiple of 846?
False
Does 65 divide 53317680?
True
Is 194299949 a multiple of 12?
False
Is 1221317169 a multiple of 19?
True
Does 7 divide 150246703?
False
Is 164 a factor of 37043500?
True
Is 108243565 a multiple of 3?
False
Is 16 a factor of 961550639?
False
Is 5 a factor of 1056849819?
False
Is 1375674 even?
True
Is 17572560 a multiple of 255?
True
Does 4390 divide 306509800?
True
Is 14624044 a multiple of 23?
True
Is 3450904903 a multiple of 13?
False
Is 481 a factor of 75705075?
False
Is 116 a factor of 6238596?
True
Does 3 divide 2772430?
False
Is 4191406398 a multiple of 162?
True
Is 1160 a factor of 14603240?
True
Is 186 a factor of 16302132?
False
Is 335 a factor of 62993400?
True
Does 1151 divide 444192769?
True
Is 1415 a factor of 342703095?
True
Is 94 a factor of 40632722?
True
Is 17 a factor of 382144262?
False
Is 10 a factor of 85414246?
False
Does 58 divide 3527727?
False
Does 11 divide 71876923?
False
Is 713 a factor of 26318256?
True
Is 29061451 a multiple of 67?
True
Is 2298851760 a multiple of 584?
True
Does 28 divide 57367016?
True
Is 403 a factor of 1340173507?
False
Is 29 a factor of 59844261?
False
Is 4821 a factor of 199165152?
True
Does 387 divide 111687483?
False
Is 208864286 a multiple of 203?
False
Does 49 divide 30130933?
True
Is 478 a factor of 297071742?
True
Is 7081 a factor of 2959350933?
False
Is 484789919 a multiple of 20?
False
Does 869 divide 31955737?
True
Is 1909837710 a multiple of 270?
True
Is 688018 a multiple of 26?
False
Is 2610416859 a multiple of 703?
True
Is 98722270 a multiple of 226?
False
Is 37 a factor of 169668532?
True
Does 30 divide 350808180?
True
Does 90 divide 210938310?
True
Is 1023965566 a multiple of 598?
True
Is 61141305 a multiple of 2?
False
Is 158 a factor of 8281939?
False
Is 200995490 a multiple of 370?
False
Does 499 divide 39216410?
True
Is 8133983 a multiple of 15?
False
Is 836 a factor of 13493876?
True
Does 112 divide 59586800?
True
Is 14 a factor of 17111276?
True
Is 2902 a factor of 592862160?
False
Is 343 a factor of 1986718360?
False
Does 128 divide 206920656?
False
Is 8 a factor of 210603856?
True
Is 432687298 a multiple of 32?
False
Is 5 a factor of 891961636?
False
Is 25058171 a multiple of 1083?
False
Does 35 divide 41969321?
False
Is 24 a factor of 16201838?
False
Is 651 a factor of 983183551?
False
Does 333 divide 194271485?
False
Does 476 divide 13105732?
False
Is 312 a factor of 102280152?
True
Does 109 divide 147515695?
True
Is 5260 a factor of 91444988?
False
Does 89 divide 1921052095?
True
Is 787 a factor of 6522785?
False
Is 6864088 a multiple of 222?
False
Is 122271989 a multiple of 445?
False
Is 8 a factor of 47753512?
True
Does 953 divide 53776112?
False
Is 483701510 a multiple of 85?
True
Is 1123183537 a multiple of 19?
True
Is 167 a factor of 2384927?
True
Is 71513821 a multiple of 262?
False
Is 708839282 a multiple of 13?
False
Is 60614100 a multiple of 180?
True
Is 786 a factor of 149885484?
True
Does 925 divide 198445800?
True
Does 2763 divide 441856197?
True
Is 8905000 a multiple of 500?
True
Is 1539 a factor of 1686055153?
False
Does 3990 divide 1551974340?
True
Is 124340426 a multiple of 125?
False
Does 21 divide 8870988?
True
Is 110 a factor of 603148920?
True
Is 1470 a factor of 386746545?
False
Does 3 divide 87732447?
True
Is 11543 a factor of 2489432638?
True
Is 8 a factor of 20953145?
False
Is 2636 a factor of 2189187456?
True
Is 83 a factor of 331419747?
True
Is 6 a factor of 144332281?
False
Does 99 divide 3600333?
True
Is 762 a factor of 55474100?
False
Is 459510802 a multiple of 140?
False
Does 20 divide 77281660?
True
Does 311 divide 34980145?
False
Does 410 divide 90044385?
False
Is 21 a factor of 1145108265?
True
Is 7 a factor of 9856014?
True
Does 9 divide 19292543?
False
Does 19 divide 107774346?
True
Is 1689 a factor of 153094338?
True
Is 1119481200 a multiple of 240?
True
Is 1588855050 a multiple of 114?
True
Is 108399800 a multiple of 20?
True
Does 7017 divide 1319045342?
False
Does 10 divide 47543405?
False
Does 44 divide 178364605?
False
Does 1769 divide 113813922?
True
Is 14 a factor of 2092353606?
True
Is 13597331 a multiple of 89?
True
Is 70 a factor of 7957668?
False
Does 14 divide 53616836?
True
Does 32 divide 3405664?
True
Is 5 a factor of 30004294?
False
Is 100 a factor of 14650200?
True
Is 65076866 a multiple of 228?
False
Is 68031912 a multiple of 29?
True
Is 4698810 a multiple of 121?
False
Is 4690 a factor of 81366810?
True
Does 2956 divide 71978459?
False
Is 1681041953 a multiple of 35?
False
Is 40932286 a multiple of 18?
False
Is 18581469 a multiple of 7?
False
Is 60077550 a multiple of 50?
True
Is 59479310 a multiple of 298?
True
Does 7 divide 1614612?
False
Is 61 a factor of 57355314?
False
Is 64243660 a multiple of 120?
False
Is 212556138 a multiple of 100?
False
Does 14 divide 397036022?
False
Does 1360 divide 2069920?
True
Is 688 a factor of 39058448?
True
Is 299 a factor of 923325083?
False
Does 167 divide 35205495?
False
Does 555 divide 36154365?
True
Is 13318 a factor of 2934248396?
True
Is 34 a factor of 331925714?
True
Is 57 a factor of 6576910433?
False
Is 38565098 a multiple of 247?
True
Is 203 a factor of 35471611?
True
Does 2229 divide 726413268?
True
Is 49 a factor of 10760428?
False
Is 24694900 a multiple of 172?
True
Is 14 a factor of 3869858188?
True
Is 487560672 a multiple of 7845?
False
Is 147104026 a multiple of 34?
True
Is 2860506795 a multiple of 14?
False
Does 32 divide 18262997?
False
Does 97 divide 30036632?
True
Does 578 divide 612479479?
False
Is 138 a factor of 1476645954?
True
Does 887 divide 7326977?
False
Does 1816 divide 1017549440?
False
Is 4688621306 a multiple of 142?
False
Is 212524343 a multiple of 240?
False
Is 14219170 a multiple of 497?
True
Does 330 divide 39760380?
True
Does 4701 divide 2719238612?
False
Does 314 divide 195809144?
True
Is 1301674944 a multiple of 45?
False
Does 2568 divide 136104?
True
Is 18332951 a multiple of 169?
True
Is 136964520 a multiple of 1188?
True
Does 349 divide 13616584?
True
Does 26 divide 91116258?
False
Is 2056161599 a multiple of 503?
False
Does 362 divide 133153378?
False
Is 25 a factor of 2301175750?
True
Is 23883414 a multiple of 2598?
True
Is 103928120 a multiple of 31?
True
Is 299818814 a multiple of 47?
False
Is 422 a factor of 12088885?
False
Does 270 divide 58145040?
True
Does 19 divide 87977163?
True
Does 32 divide 2259418789?
False
Does 99 divide 50346351?
True
Is 128 a factor of 24443358?
False
Is 4363 a factor of 936106575?
False
Is 356 a factor of 31362426?
False
Is 7 a factor of 327561339?
True
Does 270 divide 1956063850?
False
Does 1216 divide 816553728?
True
Is 345 a factor of 4248659?
False
Is 18585893 a multiple of 146?
False
Is 20 a factor of 5098740?
True
Does 119 divide 28531138?
False
Does 46 divide 280008808?
True
Is 269292045 a multiple of 55?
True
Does 2 divide 349392823?
False
Is 15 a factor of 2697913857?
False
Does 879 divide 127393777?
False
Is 14 a factor of 353990392?
True
Is 636 a factor of 6760764?
False
Is 10308642 a multiple of 6?
True
Is 29 a factor of 15480985?
False
Is 139301117 a multiple of 355?
False
Is 318365250 a multiple of 149?
False
Is 